se
Is 373 a factor of 166647232?
False
Does 12 divide 67030512?
True
Is 64810963 a multiple of 2334?
False
Is 4102138 a multiple of 34?
False
Does 7712 divide 5882397408?
True
Does 98 divide 795214481?
False
Does 16 divide 41712032?
True
Is 88 a factor of 77576577?
False
Does 283 divide 108457769?
True
Is 100 a factor of 334219400?
True
Does 69 divide 161382?
False
Does 461 divide 5736593539?
False
Does 1637 divide 2836921?
True
Is 1372849810 a multiple of 339?
False
Is 3289437 a multiple of 3?
True
Is 52030648 a multiple of 7?
False
Is 146 a factor of 49575614?
True
Does 2 divide 119172982?
True
Does 978 divide 133549557?
False
Is 53403292 a multiple of 641?
False
Is 4893533 a multiple of 157?
True
Does 180 divide 86633640?
True
Does 2219 divide 4191827?
False
Is 15242239 a multiple of 2193?
False
Does 10 divide 2222456581?
False
Does 106 divide 69904653?
False
Does 107 divide 325851380?
True
Does 1015 divide 7854070?
True
Is 11 a factor of 2162704?
False
Is 685 a factor of 751474784?
False
Is 110 a factor of 4265800?
True
Is 80351486 a multiple of 1087?
False
Is 4692744158 a multiple of 17?
True
Does 81 divide 21671100?
False
Is 4794076 a multiple of 481?
False
Is 16 a factor of 18801962?
False
Is 1021 a factor of 379123846?
True
Does 105 divide 2416050759?
False
Is 196 a factor of 2107266276?
False
Is 3 a factor of 125576092?
False
Does 53 divide 3436416?
False
Does 170 divide 98403820?
True
Is 32028774 a multiple of 115?
False
Does 807 divide 40408781?
False
Is 442813742 a multiple of 3773?
False
Is 37126500 a multiple of 12?
True
Is 6852224 a multiple of 64?
True
Does 1052 divide 264533834?
False
Is 5 a factor of 7670885?
True
Is 172 a factor of 327316?
True
Is 485109060 a multiple of 33?
False
Does 79 divide 709167495?
False
Is 31763245 a multiple of 2?
False
Is 2103 a factor of 516368517?
True
Is 16815713 a multiple of 46?
False
Is 1356091 a multiple of 473?
True
Does 18 divide 21583517?
False
Is 190 a factor of 326288931?
False
Is 4885 a factor of 3512453038?
False
Is 41269848 a multiple of 1559?
True
Is 147574476 a multiple of 196?
True
Is 194 a factor of 172375991?
False
Is 14 a factor of 90334818?
True
Is 193 a factor of 11223915?
True
Does 41 divide 3221186689?
True
Is 91 a factor of 4990178?
False
Is 43999462 a multiple of 307?
False
Is 208996869 a multiple of 495?
False
Is 27 a factor of 17199324?
True
Does 24 divide 62921582?
False
Is 13 a factor of 1498891149?
False
Is 275 a factor of 9021375?
True
Is 825470758 a multiple of 1457?
False
Is 392059220 a multiple of 167?
True
Does 687 divide 2161665602?
False
Does 9 divide 39075255?
True
Does 11 divide 28405796?
False
Is 154251800 a multiple of 20?
True
Is 4456736 a multiple of 2030?
False
Is 509016505 a multiple of 753?
False
Is 171801896 a multiple of 28?
True
Is 3155790 a multiple of 18?
False
Is 632593530 a multiple of 783?
True
Does 276 divide 44796180?
True
Does 1820 divide 37064300?
True
Is 15440600 a multiple of 1360?
False
Is 25 a factor of 241901116?
False
Is 112 a factor of 271531067?
False
Is 3104199334 a multiple of 4059?
False
Is 3163428594 a multiple of 4852?
False
Is 25228485 a multiple of 876?
False
Does 200 divide 25512008?
False
Does 281 divide 43338068?
True
Does 7 divide 3229304?
False
Does 387 divide 11235384?
True
Is 26110924 a multiple of 101?
True
Is 1899 a factor of 1032093207?
True
Is 400287490 a multiple of 39?
False
Does 355 divide 767011303?
False
Is 1369379968 a multiple of 11?
True
Is 238187570 a multiple of 343?
False
Is 245 a factor of 3847964?
False
Does 14 divide 44710939?
False
Is 26345423 a multiple of 1963?
True
Does 5980 divide 58926920?
True
Is 528 a factor of 52527024?
True
Is 289 a factor of 36862239?
True
Does 2003 divide 17864757?
True
Is 758 a factor of 25332676?
False
Is 8605 a factor of 551769810?
True
Is 689514393 a multiple of 5522?
False
Does 1255 divide 1961565?
True
Is 667 a factor of 1409371?
True
Is 491 a factor of 3011520?
False
Does 741 divide 22679787?
True
Is 21 a factor of 483180?
False
Is 14208040 a multiple of 88?
True
Is 32841616 a multiple of 16?
True
Is 1200029490 a multiple of 11526?
True
Does 2010 divide 1121953860?
True
Does 4 divide 10839660?
True
Is 169134882 a multiple of 100?
False
Is 37 a factor of 155091531?
True
Is 79744625 a multiple of 5255?
True
Is 79493750 a multiple of 25?
True
Is 21190381 a multiple of 34?
False
Is 765135762 a multiple of 5781?
False
Is 278202361 a multiple of 623?
False
Does 18 divide 2443008492?
True
Does 8 divide 1049475805?
False
Is 1582 a factor of 68271117?
False
Is 433893312 a multiple of 1314?
True
Does 106 divide 128583724?
True
Does 108 divide 28646460?
True
Is 244 a factor of 503073?
False
Is 12 a factor of 6610908?
True
Does 220 divide 6938048?
False
Is 13970612 a multiple of 1043?
False
Is 574 a factor of 749018154?
False
Is 998 a factor of 73157181?
False
Is 7 a factor of 1208254?
False
Does 409 divide 71482566?
True
Is 43 a factor of 94455606?
True
Is 27740408 a multiple of 375?
False
Is 668785390 a multiple of 65?
True
Is 1509060666 a multiple of 88?
False
Is 1363 a factor of 420350563?
True
Does 1892 divide 117341840?
True
Does 122 divide 4086369138?
True
Does 16 divide 5736340?
False
Is 10203894 a multiple of 81?
True
Is 153037395 a multiple of 8?
False
Is 187726072 a multiple of 4014?
False
Is 17275560 a multiple of 40?
True
Is 21198996 a multiple of 364?
True
Does 69 divide 3448896?
True
Does 470 divide 140637075?
False
Is 4 a factor of 609564843?
False
Is 795782448 a multiple of 6024?
True
Is 12 a factor of 23342547?
False
Is 3914108397 a multiple of 7713?
True
Does 141 divide 463496469?
True
Does 2014 divide 817381900?
True
Is 377325700 a multiple of 51?
False
Does 294 divide 21457378?
False
Is 26344411 a multiple of 42?
False
Is 100928984 a multiple of 4966?
True
Does 4 divide 250533584?
True
Does 10 divide 36078276?
False
Does 11 divide 127923024?
False
Is 9 a factor of 670504167?
True
Is 24 a factor of 336717264?
True
Is 596 a factor of 2756961304?
True
Is 1952 a factor of 794741184?
True
Is 530847442 a multiple of 246?
False
Is 15 a factor of 28750826?
False
Does 6714 divide 358715592?
True
Does 35 divide 48424810?
True
Is 995812198 a multiple of 3582?
False
Is 221 a factor of 22870627?
True
Is 3787 a factor of 113045737?
True
Is 732944864 a multiple of 107?
True
Is 14002200 a multiple of 120?
True
Is 176 a factor of 48226992?
True
Does 86 divide 31902904?
True
Is 595 a factor of 29997221?
False
Is 328 a factor of 5900720?
True
Is 283 a factor of 117290804?
False
Is 67805759 a multiple of 719?
False
Is 21965662 a multiple of 63?
False
Does 17 divide 177122388?
True
Is 1748 a factor of 458382081?
False
Is 1943 a factor of 264578874?
False
Does 139 divide 324350662?
True
Does 98 divide 19458488?
True
Does 474 divide 19254646?
False
Is 10 a factor of 3484652740?
True
Is 1656662574 a multiple of 54?
False
Is 3 a factor of 291990567?
True
Is 496 a factor of 22685552?
True
Is 4 a factor of 115461920?
True
Is 4 a factor of 246069470?
False
Is 3833 a factor of 179986181?
True
Is 30 a factor of 7225316?
False
Is 991399302 a multiple of 3009?
True
Is 3983743350 a multiple of 4650?
True
Is 11 a factor of 100685183?
False
Is 2 a factor of 24242988?
True
Does 62 divide 69174392?
True
Is 3275197857 a multiple of 778?
False
Is 27 a factor of 31651668?
True
Does 108 divide 57163742?
False
Does 9 divide 10135251?
True
Is 197156752 a multiple of 1768?
True
Is 3543392 a multiple of 4?
True
Is 917 a factor of 166991202?
True
Does 1238 divide 249178196?
False
Is 28245876 a multiple of 1837?
False
Is 19586110 a multiple of 46?
True
Does 129 divide 2872913721?
True
Does 1519 divide 322802690?
True
Is 2997 a factor of 464514021?
True
Does 1106 divide 53955104?
True
Is 214749258 a multiple of 7363?
True
Is 27 a factor of 257221467?
True
Is 2362 a factor of 308798432?
True
Is 17 a factor of 193320311?
True
Is 26 a factor of 40947868?
True
Is 929516457 a multiple of 69?
True
Is 305549805 a multiple of 363?
True
Does 38 divide 73712889?
False
Is 254337965 a multiple of 971?
False
Is 17126942 a multiple of 938?
True
Does 167 divide 12249218?
False
Is 9968011 a multiple of 104?
False
Does 5 divide 308076436?
False
Is 23 a factor of 3812227?
True
Is 377282394 a multiple of 306?
True
I